{"id":21908,"date":"2015-10-09T07:33:45","date_gmt":"2015-10-09T07:33:45","guid":{"rendered":"https:\/\/www.finieco.pt\/?page_id=21908"},"modified":"2017-03-22T15:55:40","modified_gmt":"2017-03-22T15:55:40","slug":"compromisso-social","status":"publish","type":"page","link":"https:\/\/www.finieco.pt\/fr\/disposicao\/compromisso-social\/","title":{"rendered":"L&rsquo;engagement Social"},"content":{"rendered":"<div class=\"wpb-content-wrapper\"><p>[vc_row][vc_column width=\u00a0\u00bb1\/1&Prime;][vc_column_text]<\/p>\n<h6 id=\"tw-target-text\" class=\"tw-data-text vk_txt tw-ta tw-text-medium\" dir=\"ltr\" data-placeholder=\"Translation\"><span lang=\"fr\">Notre engagement :<\/span><\/h6>\n<p>Consciente de ses responsabilit\u00e9s sociales, Finieco poursuit une politique de l&#8217;emploi durable, en dynamisant \u00a0et encourageant la performance op\u00e9rationnelle de ses employ\u00e9s comme un moyen d&rsquo;am\u00e9liorer la respective r\u00e9ussite professionnelle et sociale.<\/p>\n<p>La conscience sociale va au-del\u00e0 de l&rsquo;entreprise et est traduit par diverses actions de soutien \u00e0 des initiatives sociales importantes du point de vue de la contribution afin de minimiser les lacunes socio-\u00e9conomiques identifi\u00e9es par la soci\u00e9t\u00e9 comme prioritaires.<\/p>\n<p>&nbsp;[\/vc_column_text][\/vc_column][\/vc_row][vc_row][vc_column width=\u00a0\u00bb1\/1&Prime;][vc_empty_space height=\u00a0\u00bb32px\u00a0\u00bb][\/vc_column][\/vc_row][vc_row][vc_column width=\u00a0\u00bb1\/1&Prime;]<div class='qode_carousels_holder clearfix '><div class='qode_carousels'><ul class='slides'><li class='item'><div class=\"carousel_item_holder\"><span class='first_image_holder '><img src='https:\/\/www.finieco.pt\/wp-content\/uploads\/2015\/10\/social-01.png' alt='(Portugu\u00eas) make'><\/span><\/div><\/li><li class='item'><div class=\"carousel_item_holder\"><span class='first_image_holder '><img src='https:\/\/www.finieco.pt\/wp-content\/uploads\/2015\/10\/social-02.png' alt='(Portugu\u00eas) sao joao'><\/span><\/div><\/li><li class='item'><div class=\"carousel_item_holder\"><span class='first_image_holder '><img src='https:\/\/www.finieco.pt\/wp-content\/uploads\/2015\/10\/social-04.png' alt='(Portugu\u00eas) joaozinho'><\/span><\/div><\/li><li class='item'><div class=\"carousel_item_holder\"><span class='first_image_holder '><img src='https:\/\/www.finieco.pt\/wp-content\/uploads\/2015\/10\/social-05.png' alt='(Portugu\u00eas) cruz vermelha'><\/span><\/div><\/li><li class='item'><div class=\"carousel_item_holder\"><span class='first_image_holder '><img src='https:\/\/www.finieco.pt\/wp-content\/uploads\/2015\/10\/social-03.png' alt='(Portugu\u00eas) santa maria'><\/span><\/div><\/li><\/ul><\/div><\/div>[\/vc_column][\/vc_row][vc_row][vc_column width=\u00a0\u00bb1\/1&Prime;][vc_empty_space height=\u00a0\u00bb32px\u00a0\u00bb][\/vc_column][\/vc_row]<\/p>\n<\/div>","protected":false},"excerpt":{"rendered":"<p>[vc_row][vc_column width=\u00a0\u00bb1\/1&Prime;][vc_column_text] Notre engagement : Consciente de ses responsabilit\u00e9s sociales, Finieco poursuit une politique de l&#8217;emploi durable, en dynamisant \u00a0et encourageant la performance op\u00e9rationnelle de ses employ\u00e9s comme un moyen d&rsquo;am\u00e9liorer la respective r\u00e9ussite professionnelle et sociale. La conscience sociale va au-del\u00e0 de l&rsquo;entreprise et&#8230;<\/p>\n","protected":false},"author":1,"featured_media":0,"parent":129,"menu_order":0,"comment_status":"closed","ping_status":"closed","template":"","meta":{"footnotes":""},"class_list":["post-21908","page","type-page","status-publish","hentry"],"_links":{"self":[{"href":"https:\/\/www.finieco.pt\/fr\/wp-json\/wp\/v2\/pages\/21908","targetHints":{"allow":["GET"]}}],"collection":[{"href":"https:\/\/www.finieco.pt\/fr\/wp-json\/wp\/v2\/pages"}],"about":[{"href":"https:\/\/www.finieco.pt\/fr\/wp-json\/wp\/v2\/types\/page"}],"author":[{"embeddable":true,"href":"https:\/\/www.finieco.pt\/fr\/wp-json\/wp\/v2\/users\/1"}],"replies":[{"embeddable":true,"href":"https:\/\/www.finieco.pt\/fr\/wp-json\/wp\/v2\/comments?post=21908"}],"version-history":[{"count":23,"href":"https:\/\/www.finieco.pt\/fr\/wp-json\/wp\/v2\/pages\/21908\/revisions"}],"predecessor-version":[{"id":22220,"href":"https:\/\/www.finieco.pt\/fr\/wp-json\/wp\/v2\/pages\/21908\/revisions\/22220"}],"up":[{"embeddable":true,"href":"https:\/\/www.finieco.pt\/fr\/wp-json\/wp\/v2\/pages\/129"}],"wp:attachment":[{"href":"https:\/\/www.finieco.pt\/fr\/wp-json\/wp\/v2\/media?parent=21908"}],"curies":[{"name":"wp","href":"https:\/\/api.w.org\/{rel}","templated":true}]}}

<div class="wpb-content-wrapper"><p>[vc_row][vc_column width= »1/1&Prime;][vc_column_text]</p>
<h6 id="tw-target-text" class="tw-data-text vk_txt tw-ta tw-text-medium" dir="ltr" data-placeholder="Translation"><span lang="fr">Notre engagement :</span></h6>
<p>Consciente de ses responsabilités sociales, Finieco poursuit une politique de l&#8217;emploi durable, en dynamisant  et encourageant la performance opérationnelle de ses employés comme un moyen d&rsquo;améliorer la respective réussite professionnelle et sociale.</p>
<p>La conscience sociale va au-delà de l&rsquo;entreprise et est traduit par diverses actions de soutien à des initiatives sociales importantes du point de vue de la contribution afin de minimiser les lacunes socio-économiques identifiées par la société comme prioritaires.</p>
<p>&nbsp;[/vc_column_text][/vc_column][/vc_row][vc_row][vc_column width= »1/1&Prime;][vc_empty_space height= »32px »][/vc_column][/vc_row][vc_row][vc_column width= »1/1&Prime;]<div class='qode_carousels_holder clearfix '><div class='qode_carousels'><ul class='slides'><li class='item'><div class="carousel_item_holder"><span class='first_image_holder '><img src='https://www.finieco.pt/wp-content/uploads/2015/10/social-01.png' alt='(Português) make'></span></div></li><li class='item'><div class="carousel_item_holder"><span class='first_image_holder '><img src='https://www.finieco.pt/wp-content/uploads/2015/10/social-02.png' alt='(Português) sao joao'></span></div></li><li class='item'><div class="carousel_item_holder"><span class='first_image_holder '><img src='https://www.finieco.pt/wp-content/uploads/2015/10/social-04.png' alt='(Português) joaozinho'></span></div></li><li class='item'><div class="carousel_item_holder"><span class='first_image_holder '><img src='https://www.finieco.pt/wp-content/uploads/2015/10/social-05.png' alt='(Português) cruz vermelha'></span></div></li><li class='item'><div class="carousel_item_holder"><span class='first_image_holder '><img src='https://www.finieco.pt/wp-content/uploads/2015/10/social-03.png' alt='(Português) santa maria'></span></div></li></ul></div></div>[/vc_column][/vc_row][vc_row][vc_column width= »1/1&Prime;][vc_empty_space height= »32px »][/vc_column][/vc_row]</p>
</div>

<p>[vc_row][vc_column width= »1/1&Prime;][vc_column_text] Notre engagement : Consciente de ses responsabilités sociales, Finieco poursuit une politique de l&#8217;emploi durable, en dynamisant  et encourageant la performance opérationnelle de ses employés comme un moyen d&rsquo;améliorer la respective réussite professionnelle et sociale. La conscience sociale va au-delà de l&rsquo;entreprise et&#8230;</p>
