{"id":21817,"date":"2015-10-08T21:50:51","date_gmt":"2015-10-08T21:50:51","guid":{"rendered":"https:\/\/www.finieco.pt\/?page_id=21817"},"modified":"2016-02-15T13:36:48","modified_gmt":"2016-02-15T13:36:48","slug":"compromisso-ambiental","status":"publish","type":"page","link":"https:\/\/www.finieco.pt\/fr\/disposicao\/compromisso-ambiental\/","title":{"rendered":"Engagement Environnemental"},"content":{"rendered":"<div class=\"wpb-content-wrapper\"><p>[vc_row][vc_column width=\u00a0\u00bb1\/1&Prime;]<div class=\"custom_font_holder\" style=\"font-family: Raleway; font-size: 18px; line-height: 26px; font-style: normal; font-weight: 300; color: #dd9933; text-decoration: none; padding: 0; margin: 0; text-align: left;\"><span><\/p>\n<p>Le papier d\u2019aujourd\u2019hui sera toujours\u00a0le papier de demain.<\/p>\n<p><\/span><\/div>[vc_empty_space height=\u00a0\u00bb20px\u00a0\u00bb][\/vc_column][\/vc_row][vc_row][vc_column width=\u00a0\u00bb1\/1&Prime;][qode_circles columns=\u00a0\u00bbfour_columns\u00a0\u00bb lines_between=\u00a0\u00bbno\u00a0\u00bb line_color=\u00a0\u00bb#dd9933&Prime;][qode_circle type=\u00a0\u00bbimage_type\u00a0\u00bb without_double_border=\u00a0\u00bbyes\u00a0\u00bb icon_pack=\u00a0\u00bbfont_awesome\u00a0\u00bb fe_icon=\u00a0\u00bbarrow_back\u00a0\u00bb image=\u00a0\u00bb21626&Prime; text=\u00a0\u00bbFINIECO = RENOUVELABLE<br \/>\nNotre engagement environnemental passe par l\u2019utilisation de ressources<br \/>\nrenouvelables et nous utilisons donc un papier dont la mati\u00e8re-premi\u00e8re<br \/>\nprovient de for\u00eats durables, o\u00f9 sont utilis\u00e9es des pratiques foresti\u00e8res<br \/>\nrespectueuses de l\u2019environnement.\u00a0\u00bb][qode_circle type=\u00a0\u00bbimage_type\u00a0\u00bb without_double_border=\u00a0\u00bbyes\u00a0\u00bb icon_pack=\u00a0\u00bbfont_awesome\u00a0\u00bb fe_icon=\u00a0\u00bbarrow_back\u00a0\u00bb image=\u00a0\u00bb21629&Prime; text=\u00a0\u00bbFINIECO = BIOD\u00c9GRADABLE<br \/>\nNotre produit est fabriqu\u00e9 \u00e0 partir de papier compos\u00e9 de fibres naturelles,<br \/>\nimprim\u00e9 \u00e0 l\u2019aide d\u2019encres \u00e0 base aqueuse, sans solvants, et de colles<br \/>\n\u00e9cologiques, rapidement d\u00e9gradables et sans impact sur l\u2019environnement.\u00a0\u00bb][qode_circle type=\u00a0\u00bbimage_type\u00a0\u00bb without_double_border=\u00a0\u00bbyes\u00a0\u00bb icon_pack=\u00a0\u00bbfont_awesome\u00a0\u00bb fe_icon=\u00a0\u00bbarrow_back\u00a0\u00bb image=\u00a0\u00bb21622&Prime; text=\u00a0\u00bbFINIECO = R\u00c9DUCTION DES \u00c9MISSIONS DE CO2<br \/>\nFinieco est une soci\u00e9t\u00e9 industrielle pionni\u00e8re dans le monitoring et la r\u00e9duction<br \/>\ndes \u00e9missions de CO2 tout au long du processus de production et de<br \/>\nmanipulation du produit.\u00a0\u00bb][qode_circle type=\u00a0\u00bbimage_type\u00a0\u00bb without_double_border=\u00a0\u00bbyes\u00a0\u00bb icon_pack=\u00a0\u00bbfont_awesome\u00a0\u00bb fe_icon=\u00a0\u00bbarrow_back\u00a0\u00bb image=\u00a0\u00bb21627&Prime; text=\u00a0\u00bbFINIECO = RECYCLAGE<br \/>\nLe produit fait l\u2019objet de nombreux usages tout au long de son existence et le<br \/>\ngaspillage d\u00e9coulant de sa fabrication est recycl\u00e9.\u00a0\u00bb][\/qode_circles][vc_empty_space height=\u00a0\u00bb20px\u00a0\u00bb][\/vc_column][\/vc_row][vc_row][vc_column width=\u00a0\u00bb1\/1&Prime;]<div class=\"custom_font_holder\" style=\"font-family: Raleway; font-size: 15px; line-height: 26px; font-style: normal; font-weight: 300; text-decoration: none; padding: 0; margin: 0; text-align: center;\"><span><\/p>\n<p><strong>LE R\u00d4LE DE FINIECO EST DE CR\u00c9ER UN AVENIR DURABLE<\/strong><\/p>\n<p><\/span><\/div>[\/vc_column][\/vc_row][vc_row row_type=\u00a0\u00bbrow\u00a0\u00bb use_row_as_full_screen_section=\u00a0\u00bbno\u00a0\u00bb type=\u00a0\u00bbgrid\u00a0\u00bb in_content_menu=\u00a0\u00bb\u00a0\u00bb icon_pack=\u00a0\u00bbfont_awesome\u00a0\u00bb content_menu_fe_icon=\u00a0\u00bbarrow_back\u00a0\u00bb text_align=\u00a0\u00bbleft\u00a0\u00bb pattern_background=\u00a0\u00bb\u00a0\u00bb][vc_column width=\u00a0\u00bb1\/1&Prime;]<div class='qode_carousels_holder clearfix '><div class='qode_carousels'><ul class='slides'><li class='item'><div class=\"carousel_item_holder\"><span class='first_image_holder has_hover_image'><img src='https:\/\/www.finieco.pt\/wp-content\/uploads\/2015\/10\/logos-cert-2-04.png' alt='(Portugu\u00eas) tuv'><\/span><span class='second_image_holder has_hover_image'><img src='https:\/\/www.finieco.pt\/wp-content\/uploads\/2015\/10\/logos-cert-2-08.png' alt='(Portugu\u00eas) tuv'><\/span><\/div><\/li><li class='item'><div class=\"carousel_item_holder\"><span class='first_image_holder has_hover_image'><img src='https:\/\/www.finieco.pt\/wp-content\/uploads\/2015\/10\/logos-cert-2-03.png' alt='(Portugu\u00eas) tuv 2'><\/span><span class='second_image_holder has_hover_image'><img src='https:\/\/www.finieco.pt\/wp-content\/uploads\/2015\/10\/logos-cert-2-07.png' alt='(Portugu\u00eas) tuv 2'><\/span><\/div><\/li><li class='item'><div class=\"carousel_item_holder\"><span class='first_image_holder has_hover_image'><img src='https:\/\/www.finieco.pt\/wp-content\/uploads\/2015\/10\/logos-cert-2-01.png' alt='(Portugu\u00eas) pefc'><\/span><span class='second_image_holder has_hover_image'><img src='https:\/\/www.finieco.pt\/wp-content\/uploads\/2015\/10\/logos-cert-2-05.png' alt='(Portugu\u00eas) pefc'><\/span><\/div><\/li><li class='item'><div class=\"carousel_item_holder\"><span class='first_image_holder has_hover_image'><img src='https:\/\/www.finieco.pt\/wp-content\/uploads\/2015\/10\/logos-cert-2-02.png' alt='(Portugu\u00eas) fsc'><\/span><span class='second_image_holder has_hover_image'><img src='https:\/\/www.finieco.pt\/wp-content\/uploads\/2015\/10\/logos-cert-2-06.png' alt='(Portugu\u00eas) fsc'><\/span><\/div><\/li><\/ul><\/div><\/div>[\/vc_column][\/vc_row][vc_row][vc_column width=\u00a0\u00bb1\/1&Prime;][vc_empty_space height=\u00a0\u00bb32px\u00a0\u00bb][\/vc_column][\/vc_row]<\/p>\n<\/div>","protected":false},"excerpt":{"rendered":"<p>[vc_row][vc_column width=\u00a0\u00bb1\/1&Prime;][vc_empty_space height=\u00a0\u00bb20px\u00a0\u00bb][\/vc_column][\/vc_row][vc_row][vc_column width=\u00a0\u00bb1\/1&Prime;][qode_circles columns=\u00a0\u00bbfour_columns\u00a0\u00bb lines_between=\u00a0\u00bbno\u00a0\u00bb line_color=\u00a0\u00bb#dd9933&Prime;][qode_circle type=\u00a0\u00bbimage_type\u00a0\u00bb without_double_border=\u00a0\u00bbyes\u00a0\u00bb icon_pack=\u00a0\u00bbfont_awesome\u00a0\u00bb fe_icon=\u00a0\u00bbarrow_back\u00a0\u00bb image=\u00a0\u00bb21626&Prime; text=\u00a0\u00bbFINIECO = RENOUVELABLE Notre engagement environnemental passe par l\u2019utilisation de ressources renouvelables et nous utilisons donc un papier dont la mati\u00e8re-premi\u00e8re provient de for\u00eats durables, o\u00f9 sont utilis\u00e9es des pratiques foresti\u00e8res respectueuses de&#8230;<\/p>\n","protected":false},"author":1,"featured_media":0,"parent":129,"menu_order":0,"comment_status":"closed","ping_status":"closed","template":"","meta":{"footnotes":""},"class_list":["post-21817","page","type-page","status-publish","hentry"],"_links":{"self":[{"href":"https:\/\/www.finieco.pt\/fr\/wp-json\/wp\/v2\/pages\/21817","targetHints":{"allow":["GET"]}}],"collection":[{"href":"https:\/\/www.finieco.pt\/fr\/wp-json\/wp\/v2\/pages"}],"about":[{"href":"https:\/\/www.finieco.pt\/fr\/wp-json\/wp\/v2\/types\/page"}],"author":[{"embeddable":true,"href":"https:\/\/www.finieco.pt\/fr\/wp-json\/wp\/v2\/users\/1"}],"replies":[{"embeddable":true,"href":"https:\/\/www.finieco.pt\/fr\/wp-json\/wp\/v2\/comments?post=21817"}],"version-history":[{"count":18,"href":"https:\/\/www.finieco.pt\/fr\/wp-json\/wp\/v2\/pages\/21817\/revisions"}],"predecessor-version":[{"id":22146,"href":"https:\/\/www.finieco.pt\/fr\/wp-json\/wp\/v2\/pages\/21817\/revisions\/22146"}],"up":[{"embeddable":true,"href":"https:\/\/www.finieco.pt\/fr\/wp-json\/wp\/v2\/pages\/129"}],"wp:attachment":[{"href":"https:\/\/www.finieco.pt\/fr\/wp-json\/wp\/v2\/media?parent=21817"}],"curies":[{"name":"wp","href":"https:\/\/api.w.org\/{rel}","templated":true}]}}

<div class="wpb-content-wrapper"><p>[vc_row][vc_column width= »1/1&Prime;]<div class="custom_font_holder" style="font-family: Raleway; font-size: 18px; line-height: 26px; font-style: normal; font-weight: 300; color: #dd9933; text-decoration: none; padding: 0; margin: 0; text-align: left;"><span></p>
<p>Le papier d’aujourd’hui sera toujours le papier de demain.</p>
<p></span></div>[vc_empty_space height= »20px »][/vc_column][/vc_row][vc_row][vc_column width= »1/1&Prime;][qode_circles columns= »four_columns » lines_between= »no » line_color= »#dd9933&Prime;][qode_circle type= »image_type » without_double_border= »yes » icon_pack= »font_awesome » fe_icon= »arrow_back » image= »21626&Prime; text= »FINIECO = RENOUVELABLE<br />
Notre engagement environnemental passe par l’utilisation de ressources<br />
renouvelables et nous utilisons donc un papier dont la matière-première<br />
provient de forêts durables, où sont utilisées des pratiques forestières<br />
respectueuses de l’environnement. »][qode_circle type= »image_type » without_double_border= »yes » icon_pack= »font_awesome » fe_icon= »arrow_back » image= »21629&Prime; text= »FINIECO = BIODÉGRADABLE<br />
Notre produit est fabriqué à partir de papier composé de fibres naturelles,<br />
imprimé à l’aide d’encres à base aqueuse, sans solvants, et de colles<br />
écologiques, rapidement dégradables et sans impact sur l’environnement. »][qode_circle type= »image_type » without_double_border= »yes » icon_pack= »font_awesome » fe_icon= »arrow_back » image= »21622&Prime; text= »FINIECO = RÉDUCTION DES ÉMISSIONS DE CO2<br />
Finieco est une société industrielle pionnière dans le monitoring et la réduction<br />
des émissions de CO2 tout au long du processus de production et de<br />
manipulation du produit. »][qode_circle type= »image_type » without_double_border= »yes » icon_pack= »font_awesome » fe_icon= »arrow_back » image= »21627&Prime; text= »FINIECO = RECYCLAGE<br />
Le produit fait l’objet de nombreux usages tout au long de son existence et le<br />
gaspillage découlant de sa fabrication est recyclé. »][/qode_circles][vc_empty_space height= »20px »][/vc_column][/vc_row][vc_row][vc_column width= »1/1&Prime;]<div class="custom_font_holder" style="font-family: Raleway; font-size: 15px; line-height: 26px; font-style: normal; font-weight: 300; text-decoration: none; padding: 0; margin: 0; text-align: center;"><span></p>
<p><strong>LE RÔLE DE FINIECO EST DE CRÉER UN AVENIR DURABLE</strong></p>
<p></span></div>[/vc_column][/vc_row][vc_row row_type= »row » use_row_as_full_screen_section= »no » type= »grid » in_content_menu= » » icon_pack= »font_awesome » content_menu_fe_icon= »arrow_back » text_align= »left » pattern_background= » »][vc_column width= »1/1&Prime;]<div class='qode_carousels_holder clearfix '><div class='qode_carousels'><ul class='slides'><li class='item'><div class="carousel_item_holder"><span class='first_image_holder has_hover_image'><img src='https://www.finieco.pt/wp-content/uploads/2015/10/logos-cert-2-04.png' alt='(Português) tuv'></span><span class='second_image_holder has_hover_image'><img src='https://www.finieco.pt/wp-content/uploads/2015/10/logos-cert-2-08.png' alt='(Português) tuv'></span></div></li><li class='item'><div class="carousel_item_holder"><span class='first_image_holder has_hover_image'><img src='https://www.finieco.pt/wp-content/uploads/2015/10/logos-cert-2-03.png' alt='(Português) tuv 2'></span><span class='second_image_holder has_hover_image'><img src='https://www.finieco.pt/wp-content/uploads/2015/10/logos-cert-2-07.png' alt='(Português) tuv 2'></span></div></li><li class='item'><div class="carousel_item_holder"><span class='first_image_holder has_hover_image'><img src='https://www.finieco.pt/wp-content/uploads/2015/10/logos-cert-2-01.png' alt='(Português) pefc'></span><span class='second_image_holder has_hover_image'><img src='https://www.finieco.pt/wp-content/uploads/2015/10/logos-cert-2-05.png' alt='(Português) pefc'></span></div></li><li class='item'><div class="carousel_item_holder"><span class='first_image_holder has_hover_image'><img src='https://www.finieco.pt/wp-content/uploads/2015/10/logos-cert-2-02.png' alt='(Português) fsc'></span><span class='second_image_holder has_hover_image'><img src='https://www.finieco.pt/wp-content/uploads/2015/10/logos-cert-2-06.png' alt='(Português) fsc'></span></div></li></ul></div></div>[/vc_column][/vc_row][vc_row][vc_column width= »1/1&Prime;][vc_empty_space height= »32px »][/vc_column][/vc_row]</p>
</div>

<p>[vc_row][vc_column width= »1/1&Prime;][vc_empty_space height= »20px »][/vc_column][/vc_row][vc_row][vc_column width= »1/1&Prime;][qode_circles columns= »four_columns » lines_between= »no » line_color= »#dd9933&Prime;][qode_circle type= »image_type » without_double_border= »yes » icon_pack= »font_awesome » fe_icon= »arrow_back » image= »21626&Prime; text= »FINIECO = RENOUVELABLE Notre engagement environnemental passe par l’utilisation de ressources renouvelables et nous utilisons donc un papier dont la matière-première provient de forêts durables, où sont utilisées des pratiques forestières respectueuses de&#8230;</p>
