{"id":21908,"date":"2015-10-09T07:33:45","date_gmt":"2015-10-09T07:33:45","guid":{"rendered":"https:\/\/www.finieco.pt\/?page_id=21908"},"modified":"2017-03-22T15:55:40","modified_gmt":"2017-03-22T15:55:40","slug":"compromisso-social","status":"publish","type":"page","link":"https:\/\/www.finieco.pt\/es\/disposicao\/compromisso-social\/","title":{"rendered":"Compromiso Social"},"content":{"rendered":"<div class=\"wpb-content-wrapper\"><p>[vc_row][vc_column width=\u00bb1\/1&#8243;][vc_column_text]<\/p>\n<h6 id=\"tw-target-text\" class=\"tw-data-text vk_txt tw-ta tw-text-medium\" dir=\"ltr\" data-placeholder=\"Translation\"><span lang=\"es\">Nuestro compromiso :<\/span><\/h6>\n<p id=\"tw-target-text\" class=\"tw-data-text vk_txt tw-ta tw-text-small\" dir=\"ltr\" data-placeholder=\"Translation\"><span lang=\"es\">Consciente de sus responsabilidades sociales , Finieco persigue una pol\u00edtica de empleo sostenible , estimular y favorecer el rendimiento operativo de sus empleados como una forma de mejorar la respectiva realizaci\u00f3n social y profesional . La conciencia social va m\u00e1s all\u00e1 de la empresa y se traduce en varias acciones de apoyo a iniciativas sociales pertinentes del punto de vista de minimizar las diferencias socioecon\u00f3micas identificadas por la empresa como una prioridad contribuci\u00f3n.<\/span><\/p>\n<p>[\/vc_column_text][\/vc_column][\/vc_row][vc_row][vc_column width=\u00bb1\/1&#8243;][vc_empty_space height=\u00bb32px\u00bb][\/vc_column][\/vc_row][vc_row][vc_column width=\u00bb1\/1&#8243;]<div class='qode_carousels_holder clearfix '><div class='qode_carousels'><ul class='slides'><li class='item'><div class=\"carousel_item_holder\"><span class='first_image_holder '><img src='https:\/\/www.finieco.pt\/wp-content\/uploads\/2015\/10\/social-01.png' alt='(Portugu\u00eas) make'><\/span><\/div><\/li><li class='item'><div class=\"carousel_item_holder\"><span class='first_image_holder '><img src='https:\/\/www.finieco.pt\/wp-content\/uploads\/2015\/10\/social-02.png' alt='(Portugu\u00eas) sao joao'><\/span><\/div><\/li><li class='item'><div class=\"carousel_item_holder\"><span class='first_image_holder '><img src='https:\/\/www.finieco.pt\/wp-content\/uploads\/2015\/10\/social-04.png' alt='(Portugu\u00eas) joaozinho'><\/span><\/div><\/li><li class='item'><div class=\"carousel_item_holder\"><span class='first_image_holder '><img src='https:\/\/www.finieco.pt\/wp-content\/uploads\/2015\/10\/social-05.png' alt='(Portugu\u00eas) cruz vermelha'><\/span><\/div><\/li><li class='item'><div class=\"carousel_item_holder\"><span class='first_image_holder '><img src='https:\/\/www.finieco.pt\/wp-content\/uploads\/2015\/10\/social-03.png' alt='(Portugu\u00eas) santa maria'><\/span><\/div><\/li><\/ul><\/div><\/div>[\/vc_column][\/vc_row][vc_row][vc_column width=\u00bb1\/1&#8243;][vc_empty_space height=\u00bb32px\u00bb][\/vc_column][\/vc_row]<\/p>\n<\/div>","protected":false},"excerpt":{"rendered":"<p>[vc_row][vc_column width=\u00bb1\/1&#8243;][vc_column_text] Nuestro compromiso : Consciente de sus responsabilidades sociales , Finieco persigue una pol\u00edtica de empleo sostenible , estimular y favorecer el rendimiento operativo de sus empleados como una forma de mejorar la respectiva realizaci\u00f3n social y profesional . La conciencia social va m\u00e1s&#8230;<\/p>\n","protected":false},"author":1,"featured_media":0,"parent":129,"menu_order":0,"comment_status":"closed","ping_status":"closed","template":"","meta":{"footnotes":""},"class_list":["post-21908","page","type-page","status-publish","hentry"],"_links":{"self":[{"href":"https:\/\/www.finieco.pt\/es\/wp-json\/wp\/v2\/pages\/21908","targetHints":{"allow":["GET"]}}],"collection":[{"href":"https:\/\/www.finieco.pt\/es\/wp-json\/wp\/v2\/pages"}],"about":[{"href":"https:\/\/www.finieco.pt\/es\/wp-json\/wp\/v2\/types\/page"}],"author":[{"embeddable":true,"href":"https:\/\/www.finieco.pt\/es\/wp-json\/wp\/v2\/users\/1"}],"replies":[{"embeddable":true,"href":"https:\/\/www.finieco.pt\/es\/wp-json\/wp\/v2\/comments?post=21908"}],"version-history":[{"count":23,"href":"https:\/\/www.finieco.pt\/es\/wp-json\/wp\/v2\/pages\/21908\/revisions"}],"predecessor-version":[{"id":22220,"href":"https:\/\/www.finieco.pt\/es\/wp-json\/wp\/v2\/pages\/21908\/revisions\/22220"}],"up":[{"embeddable":true,"href":"https:\/\/www.finieco.pt\/es\/wp-json\/wp\/v2\/pages\/129"}],"wp:attachment":[{"href":"https:\/\/www.finieco.pt\/es\/wp-json\/wp\/v2\/media?parent=21908"}],"curies":[{"name":"wp","href":"https:\/\/api.w.org\/{rel}","templated":true}]}}

<div class="wpb-content-wrapper"><p>[vc_row][vc_column width=»1/1&#8243;][vc_column_text]</p>
<h6 id="tw-target-text" class="tw-data-text vk_txt tw-ta tw-text-medium" dir="ltr" data-placeholder="Translation"><span lang="es">Nuestro compromiso :</span></h6>
<p id="tw-target-text" class="tw-data-text vk_txt tw-ta tw-text-small" dir="ltr" data-placeholder="Translation"><span lang="es">Consciente de sus responsabilidades sociales , Finieco persigue una política de empleo sostenible , estimular y favorecer el rendimiento operativo de sus empleados como una forma de mejorar la respectiva realización social y profesional . La conciencia social va más allá de la empresa y se traduce en varias acciones de apoyo a iniciativas sociales pertinentes del punto de vista de minimizar las diferencias socioeconómicas identificadas por la empresa como una prioridad contribución.</span></p>
<p>[/vc_column_text][/vc_column][/vc_row][vc_row][vc_column width=»1/1&#8243;][vc_empty_space height=»32px»][/vc_column][/vc_row][vc_row][vc_column width=»1/1&#8243;]<div class='qode_carousels_holder clearfix '><div class='qode_carousels'><ul class='slides'><li class='item'><div class="carousel_item_holder"><span class='first_image_holder '><img src='https://www.finieco.pt/wp-content/uploads/2015/10/social-01.png' alt='(Português) make'></span></div></li><li class='item'><div class="carousel_item_holder"><span class='first_image_holder '><img src='https://www.finieco.pt/wp-content/uploads/2015/10/social-02.png' alt='(Português) sao joao'></span></div></li><li class='item'><div class="carousel_item_holder"><span class='first_image_holder '><img src='https://www.finieco.pt/wp-content/uploads/2015/10/social-04.png' alt='(Português) joaozinho'></span></div></li><li class='item'><div class="carousel_item_holder"><span class='first_image_holder '><img src='https://www.finieco.pt/wp-content/uploads/2015/10/social-05.png' alt='(Português) cruz vermelha'></span></div></li><li class='item'><div class="carousel_item_holder"><span class='first_image_holder '><img src='https://www.finieco.pt/wp-content/uploads/2015/10/social-03.png' alt='(Português) santa maria'></span></div></li></ul></div></div>[/vc_column][/vc_row][vc_row][vc_column width=»1/1&#8243;][vc_empty_space height=»32px»][/vc_column][/vc_row]</p>
</div>

<p>[vc_row][vc_column width=»1/1&#8243;][vc_column_text] Nuestro compromiso : Consciente de sus responsabilidades sociales , Finieco persigue una política de empleo sostenible , estimular y favorecer el rendimiento operativo de sus empleados como una forma de mejorar la respectiva realización social y profesional . La conciencia social va más&#8230;</p>
